inder when 575 is divided by k?
60
Suppose -32 = -2*y + 56. Let w = 302 + -296. Let x(u) = -32*u + 318. What is the remainder when x(w) is divided by y?
38
Let s = -20664 + 20869. Calculate the remainder when 720 is divided by s.
105
Let k = 319 - 292. What is the remainder when 114 is divided by (k/((-3)/(-1)))/((-8)/(-24))?
6
Suppose 2*z - 20 = -2*n, 4*n = 4*z + 108 - 28. What is the remainder when -2 + (-6 - -7) + n is divided by (0 - 2) + (8 - 2)?
2
Let v(n) = -9*n**2 - 14*n - 21. Let f be v(-5). Let q = f - -276. What is the remainder when q is divided by 21?
16
Let k be -11*(-3)/33*2. Suppose -p = 2*s - 39, 0 = -39*p + 34*p - k*s + 155. Let t(c) = 57*c**2 + 2*c + 1. What is the remainder when t(-1) is divided by p?
27
Let z(m) = -m**3 - 9*m**2 + 23*m + 7. Let v = -65 - -54. Let r be z(v). Calculate the remainder when (0/r)/((-4)/2) + 67 is divided by 34.
33
Suppose 13*n - 1266 - 3466 = 0. What is the remainder when 8/32*(n + -5 + -3) is divided by 41?
7
Suppose 3*n = u - 13, -2*u - 4*n + 29 = -7*n. Let o be 52/16 + 2/(-8). Suppose 4*v - 80 = -0*v - y, 0 = o*y. Calculate the remainder when v is divided by u.
4
What is the remainder when 7*(-16 - 13066/(-329)) is divided by -34*2*2/(-4)?
30
Suppose 118*r - 135 = 63*r + 50*r. Suppose 0 = -0*y + y - 4. Calculate the remainder when r is divided by y.
3
Suppose -55*n + 704 = -23*n. Let x(w) = -w**2 + 12*w + 224. Calculate the remainder when 34 is divided by x(n).
2
Let w be (-1)/((-20)/12 + 2)*-7. Suppose y - 13 = -2*m, y - 3*y - 3*m + w = 0. Suppose 10*x - 507 = -y*x. Calculate the remainder when 193 is divided by x.
37
Suppose 0 = -4*t - 4*o + 40, -10*o + 9*o - 4 = -t. Let a(l) = l**3 - 6*l**2 + l - 34. Calculate the remainder when 86 is divided by a(t).
20
Let j(b) = 10*b - 2. Suppose 0 = 746*i + 23*i - 11535. Calculate the remainder when j(6) is divided by i.
13
What is the remainder when 1541 is divided by 219 + -1*(1 - (7 + -4))?
215
Let n(w) = 18727*w - 187221. Suppose 362 = 2*b + 4*j, -b + 42 = 5*j - 124. Calculate the remainder when b is divided by n(10).
44
Suppose 0 = -3*w - 2*b + 112, 23*w - 419 = 12*w + b. What is the remainder when 295 is divided by w?
29
What is the remainder when 503 is divided by 14/(336/11496) + -4?
28
Suppose u = 6*u - 470. What is the remainder when u is divided by (-4)/2 + 10 + (-4 - 4 - -6)?
4
Let p(v) = -v**2 - 60*v - 371. What is the remainder when p(-24) is divided by 19?
18
Let q(l) = -l**3 + 16*l**2 - 43*l + 330. Calculate the remainder when q(14) is divided by 14.
8
What is the remainder when 3388 is divided by (-2 - 68/(-10))/(710/1775)?
4
Let f = -187 + 565. Suppose -126*s + 108*s = -f. What is the remainder when 38 is divided by s?
17
Let g(o) = -3*o**3 + 31*o**2 - 36*o + 15. Calculate the remainder when g(8) is divided by 46.
37
Let q = -26 + 80. Calculate the remainder when q is divided by ((-420)/175 - ((0 - 0) + -3))*5.
0
Let f = 24066 + -23330. Calculate the remainder when f is divided by 238.
22
Let o = -313 - -450. Calculate the remainder when o is divided by (-24 + (-11 - -30))*-8*(-3)/(-6).
17
Let n(t) = t**2 + 12*t + 8. Let i be n(-12). Suppose -66 = -i*a + 94. Suppose -3*j = -x - a, x = -j - x + 2. What is the remainder when 33 is divided by j?
3
Suppose 3*d = -3, 420 = 4*y + d + 61. Let m(a) = a**2 + 21 - 10 - 15 - 6*a. Calculate the remainder when y is divided by m(9).
21
Suppose 6*w - 268 = -280. Let c(a) = 22*a + 6. Calculate the remainder when c(5) is divided by 45 + 1/2*w*5.
36
Let u = 152 - 142. Suppose 21*x - 19*x - a = 15, x = -2*a + u. Let d(w) = -w**2 + 13*w - 13. What is the remainder when d(9) is divided by x?
7
Let b(i) = -i**2 - 26*i - 183. Let z be b(-23). Calculate the remainder when (-3150)/(-38) + (-12)/z is divided by 43.
40
Let t = -110 - -126. Let h = 54 + -50. Suppose 77 = 5*o - 3*w - 26, 0 = h*w - t. What is the remainder when 90 is divided by o?
21
Suppose -p - 4*r = -0*p - 22, 2*p + 2*r - 14 = 0. Suppose -4*a - 2*i + 672 = 0, -11*i + 13*i + 330 = p*a. Calculate the remainder when a is divided by 57.
53
Calculate the remainder when 114 is divided by 2*49 - ((-10)/(-7))/((-455)/(-1274)).
20
Let s = -142 - -149. Suppose -s*u = -u - 288. Calculate the remainder when 382 is divided by u.
46
Let t(a) = -2*a**3 + 2*a**2 + 11*a + 23. What is the remainder when 831 is divided by t(-4)?
136
Suppose -4*g = -3*g + 1. Calculate the remainder when 63 is divided by ((88/(-22))/(0 + 1))/g.
3
Let g = -378 - -1626. What is the remainder when g is divided by 139?
136
Suppose 38*y = -7*y + 360. What is the remainder when 435 is divided by y?
3
Suppose 2*u - 5*u = -9, r + 3*u = 14. Suppose 0 = -2*x + 5*l + 22 - 55, -r*l - 100 = 5*x. Let d = x + 39. What is the remainder when 78 is divided by d?
18
Suppose 2*x + x - 120 = 0. What is the remainder when (9/48)/((-33)/44)*4*-113 is divided by x?
33
Suppose 2*c = -3*i - 82 + 378, -3*c - 487 = -5*i. Let j be ((-35)/42 - (-2)/1)*6. Suppose -2*q + j*q - 100 = 0. What is the remainder when i is divided by q?
18
Let r(t) = t**3 - 19*t**2 - 42*t + 81. What is the remainder when 267 is divided by r(21)?
24
Suppose 0 = -4*s - 5*n + 35, 3*s - 60 = 3*n - 0*n. Let o be 53*(4 + 6/(-2)). What is the remainder when o - (-5)/((-20)/(-16)) is divided by s?
12
Suppose 2*d = -4*v + 18 + 4, -v = -2*d + 7. Let a = d + 0. Suppose 100 = a*g - 5*f, -4*f = 5*g - f - 132. Calculate the remainder when 95 is divided by g.
23
Let s = 5833 - 5720. Calculate the remainder when 689 is divided by s.
11
Let p be ((-144)/10)/((-58)/(-290)). What is the remainder when 220 is divided by 2/12 + 4/p*-249?
10
Suppose -20 = 4*b, 3*g = 72*b - 70*b + 58. What is the remainder when 124 is divided by g?
12
Suppose -2274 = 5*x - 7119. Calculate the remainder when x is divided by 164.
149
Suppose -57*v + 6 = -53*v + 3*a, 5*v = -3*a + 6. Calculate the remainder when 88 is divided by v + -5 - -15*(-28)/(-21).
13
Suppose 2*n + 0 = 2. Suppose -40 = -4*c - 3*t, 623 - 694 = -5*c - 2*t. Calculate the remainder when c is divided by n.
0
Let c(p) be the first derivative of 11*p**3/3 + 7*p**2/2 - p - 29. What is the remainder when c(3) is divided by 15?
14
Suppose -3*d = 4*w + 81 - 12, -4*d = 5*w + 85. Let l(g) = g + 67. Calculate the remainder when l(w) is divided by 16.
14
Let m(l) = l**3 + 73*l**2 + 747*l - 102. Calculate the remainder when m(-58) is divided by 35.
32
Let z(y) = 4*y**2 + 6*y - 3. Let w(m) = -5*m**3 - 2*m**2 + 3*m + 1. Calculate the remainder when z(3) is divided by w(-2).
24
Suppose 35*p = 89*p - 3834. What is the remainder when p is divided by 37?
34
What is the remainder when (-35 - -316)*(0 + 1) + 1 is divided by 156?
126
Let l be (14/56)/((-2)/(-40)). Suppose x = 2*j + 93, j - l = -4*j. What is the remainder when x is divided by 24?
23
Suppose 12350 + 16475 = 128*r + 3865. What is the remainder when 573 is divided by r?
183
Let o(h) be the second derivative of h**5/20 + 13*h**4/12 - 8*h**3/3 - 23*h**2/2 - 26*h. Let m = 1 - 0. Calculate the remainder when o(-14) is divided by m.
0
Let n(h) = -h**2 + 14*h + 44. Let m be (-4)/(-26) - 3/39*2. What is the remainder when n(m) is divided by 8?
4
Suppose 21*j = 22*j - 2. Suppose j*m = -0*m - 6, -3*m + 3 = 4*x. Suppose 0 = x*n + 1 - 40. What is the remainder when 102 is divided by n?
11
Let j(s) = -346*s - 9537. Calculate the remainder when j(-35) is divided by 61.
11
Let k = -256 + -227. Let p = 527 + k. Calculate the remainder when p is divided by 35.
9
Let c(z) = -z - 8. Let l = -22 + 32. Let s = 16 + l. Calculate the remainder when c(-79) is divided by s.
19
Let w(j) = 448*j + 3646. Calculate the remainder when 663 is divided by w(-8).
43
Calculate the remainder when (-22635)/(-60)*((-1)/(-6))/(1/16) is divided by 42.
40
Let v be -4*(-1)/4 + -22. Let p be -3*(-29)/21 + 3/v. Calculate the remainder when (-158)/p*(-8)/(-16)*-4 is divided by 41.
38
Suppose 17 = 2*g - 7. Suppose -3*o = -2*p - 188, -126 + 121 = -p. Calculate the remainder when o is divided by g.
6
Let d be (-1)/((-4)/(-10) - 441/1080). Let c = d + -103. Calculate the remainder when 46 is divided by c.
12
Suppose 3*t = -5*x + 456, 0*t = -5*x - t + 452. Let c be 2/8*(3 + -3). Suppose 18*r - 14*r - 92 = c. Calculate the remainder when x is divided by r.
21
Let r(y) = 407*y + 1221. Let l(s) = 17*s + 51. Let d